{"id":50,"date":"2023-03-06T16:18:26","date_gmt":"2023-03-06T15:18:26","guid":{"rendered":"http:\/\/helyiertek.derimuzeum.hu\/?page_id=50"},"modified":"2026-03-26T11:59:13","modified_gmt":"2026-03-26T10:59:13","slug":"kapcsolat","status":"publish","type":"page","link":"https:\/\/helyiertek.derimuzeum.hu\/?page_id=50","title":{"rendered":"Kapcsolat"},"content":{"rendered":"<p>[et_pb_section fb_built=&#8221;1&#8243; _builder_version=&#8221;4.20.4&#8243; _module_preset=&#8221;default&#8221; global_colors_info=&#8221;{}&#8221;][et_pb_row _builder_version=&#8221;4.20.4&#8243; _module_preset=&#8221;default&#8221; custom_padding=&#8221;110px||||false|false&#8221; global_colors_info=&#8221;{}&#8221;][et_pb_column type=&#8221;4_4&#8243; _builder_version=&#8221;4.20.4&#8243; _module_preset=&#8221;default&#8221; global_colors_info=&#8221;{}&#8221;][et_pb_text _builder_version=&#8221;4.20.4&#8243; _module_preset=&#8221;default&#8221; text_font=&#8221;Arial||||||||&#8221; text_text_color=&#8221;#000000&#8243; header_3_font=&#8221;Arial||||||||&#8221; header_3_line_height=&#8221;1.5em&#8221; custom_margin=&#8221;0px||||false|false&#8221; global_colors_info=&#8221;{}&#8221;]<\/p>\n<h3><strong>El\u00e9rhet\u0151s\u00e9gek<\/strong><\/h3>\n<p>C\u00edm: 4026 Debrecen, D\u00e9ri t\u00e9r 1.<\/p>\n<p>Telefon: +36 52 322 207<\/p>\n<p>E-mail: helyiertek@derimuzeum.hu; deri@derimuzeum.hu<\/p>\n<p>Igazgat\u00f3: Dr. Angi J\u00e1nos<\/p>\n<p>&nbsp;<\/p>\n<h3 style=\"text-align: center;\"><strong>Szerkeszt\u0151 bizotts\u00e1g tagjai<\/strong><\/h3>\n<p><strong><\/strong><\/p>\n<p style=\"text-align: center;\"><strong>Lakner Lajos<\/strong><\/p>\n<p style=\"text-align: center;\"><a href=\"https:\/\/www.derimuzeum.hu\/munkatarsak.php?id=3\"><span>tudom\u00e1nyos igazgat\u00f3helyettes<\/span><\/a><\/p>\n<p style=\"text-align: center;\">lakner.lajos@derimuzeum.hu<\/p>\n<p style=\"text-align: center;\"><strong>Korompai Bal\u00e1zs<\/strong><\/p>\n<p style=\"text-align: center;\">f\u0151muzeol\u00f3gus, t\u00f6rt\u00e9n\u00e9sz (T\u00f6rt\u00e9neti gy\u0171jtem\u00e9ny)<\/p>\n<p style=\"text-align: center;\">korompai.balazs@derimuzeum.hu<\/p>\n<p style=\"text-align: center;\"><strong>Dr. Kov\u00e1cs J\u00f3zsef D\u00e9nes<\/strong><\/p>\n<p style=\"text-align: center;\"><a href=\"https:\/\/www.derimuzeum.hu\/munkatarsak.php?id=20\"><span>f\u0151muzeol\u00f3gus, t\u00f6rt\u00e9n\u00e9sz (Iparm\u0171v\u00e9szeti gy\u0171jtem\u00e9ny)<\/span><\/a><\/p>\n<p style=\"text-align: center;\">kovacs.jozsef@derimuzeum.hu<\/p>\n<p style=\"text-align: center;\"><strong>Ormosi Vikt\u00f3ria<\/strong><\/p>\n<p style=\"text-align: center;\"><a href=\"https:\/\/www.derimuzeum.hu\/munkatarsak.php?id=13\"><span>muzeol\u00f3gus (T\u00f6rt\u00e9neti \u00e9s Iparm\u0171v\u00e9szeti gy\u0171jtem\u00e9ny)<\/span><\/a><\/p>\n<p style=\"text-align: center;\">ormosi.viktoria@derimuzeum.hu<\/p>\n<p style=\"text-align: center;\"><strong>Szab\u00f3 Anna Viola<\/strong><\/p>\n<p style=\"text-align: center;\"><a href=\"https:\/\/www.derimuzeum.hu\/munkatarsak.php?id=28\"><span>f\u0151muzeol\u00f3gus, fot\u00f3t\u00f6rt\u00e9n\u00e9sz<\/span><\/a><\/p>\n<p style=\"text-align: center;\">szabo.anna.viola@derimuzeum.hu<\/p>\n<p style=\"text-align: center;\"><strong>V\u00e1radi Katalin<\/strong><\/p>\n<p style=\"text-align: center;\"><a href=\"https:\/\/www.derimuzeum.hu\/munkatarsak.php?id=14\"><span>muzeol\u00f3gus, t\u00f6rt\u00e9n\u00e9sz (T\u00f6rt\u00e9neti gy\u0171jtem\u00e9ny)<\/span><\/a><\/p>\n<p style=\"text-align: center;\">varadi.katalin@derimuzeum.hu<\/p>\n<h3 style=\"text-align: center;\"><strong><\/strong><\/h3>\n<h3 style=\"text-align: center;\"><strong><\/strong><\/h3>\n<h3 style=\"text-align: center;\"><strong>Technikai szerkeszt\u0151k<\/strong><\/h3>\n<p><strong><\/strong><\/p>\n<p style=\"text-align: center;\"><strong>Szekeres Krisztina<\/strong><\/p>\n<p style=\"text-align: center;\">oszt\u00e1lyvezet\u0151<\/p>\n<p style=\"text-align: center;\">szekeres.krisztina@derimuzeum.hu<\/p>\n<p style=\"text-align: center;\"><strong>Nagy-Lavotha Zsuzsanna<\/strong><\/p>\n<p style=\"text-align: center;\"><a href=\"https:\/\/www.derimuzeum.hu\/munkatarsak.php?id=99\"><span>kultur\u00e1lis menedzser<\/span><\/a><\/p>\n<p style=\"text-align: center;\">lavotha.zsuzsanna@derimuzeum.hu<\/p>\n<p>[\/et_pb_text][\/et_pb_column][\/et_pb_row][\/et_pb_section]<\/p>\n","protected":false},"excerpt":{"rendered":"<p>El\u00e9rhet\u0151s\u00e9gek C\u00edm: 4026 Debrecen, D\u00e9ri t\u00e9r 1. Telefon: +36 52 322 207 E-mail: helyiertek@derimuzeum.hu; deri@derimuzeum.hu Igazgat\u00f3: Dr. Angi J\u00e1nos &nbsp; Szerkeszt\u0151 bizotts\u00e1g tagjai Lakner Lajos tudom\u00e1nyos igazgat\u00f3helyettes lakner.lajos@derimuzeum.hu Korompai Bal\u00e1zs f\u0151muzeol\u00f3gus, t\u00f6rt\u00e9n\u00e9sz (T\u00f6rt\u00e9neti gy\u0171jtem\u00e9ny) korompai.balazs@derimuzeum.hu Dr. Kov\u00e1cs J\u00f3zsef D\u00e9nes f\u0151muzeol\u00f3gus, t\u00f6rt\u00e9n\u00e9sz (Iparm\u0171v\u00e9szeti gy\u0171jtem\u00e9ny) kovacs.jozsef@derimuzeum.hu Ormosi Vikt\u00f3ria muzeol\u00f3gus (T\u00f6rt\u00e9neti \u00e9s Iparm\u0171v\u00e9szeti gy\u0171jtem\u00e9ny) ormosi.viktoria@derimuzeum.hu Szab\u00f3 Anna Viola [&hellip;]<\/p>\n","protected":false},"author":1,"featured_media":0,"parent":0,"menu_order":0,"comment_status":"closed","ping_status":"closed","template":"","meta":{"_et_pb_use_builder":"on","_et_pb_old_content":"","_et_gb_content_width":""},"_links":{"self":[{"href":"https:\/\/helyiertek.derimuzeum.hu\/index.php?rest_route=\/wp\/v2\/pages\/50"}],"collection":[{"href":"https:\/\/helyiertek.derimuzeum.hu\/index.php?rest_route=\/wp\/v2\/pages"}],"about":[{"href":"https:\/\/helyiertek.derimuzeum.hu\/index.php?rest_route=\/wp\/v2\/types\/page"}],"author":[{"embeddable":true,"href":"https:\/\/helyiertek.derimuzeum.hu\/index.php?rest_route=\/wp\/v2\/users\/1"}],"replies":[{"embeddable":true,"href":"https:\/\/helyiertek.derimuzeum.hu\/index.php?rest_route=%2Fwp%2Fv2%2Fcomments&post=50"}],"version-history":[{"count":9,"href":"https:\/\/helyiertek.derimuzeum.hu\/index.php?rest_route=\/wp\/v2\/pages\/50\/revisions"}],"predecessor-version":[{"id":4637,"href":"https:\/\/helyiertek.derimuzeum.hu\/index.php?rest_route=\/wp\/v2\/pages\/50\/revisions\/4637"}],"wp:attachment":[{"href":"https:\/\/helyiertek.derimuzeum.hu\/index.php?rest_route=%2Fwp%2Fv2%2Fmedia&parent=50"}],"curies":[{"name":"wp","href":"https:\/\/api.w.org\/{rel}","templated":true}]}}

<p>[et_pb_section fb_built=&#8221;1&#8243; _builder_version=&#8221;4.20.4&#8243; _module_preset=&#8221;default&#8221; global_colors_info=&#8221;{}&#8221;][et_pb_row _builder_version=&#8221;4.20.4&#8243; _module_preset=&#8221;default&#8221; custom_padding=&#8221;110px||||false|false&#8221; global_colors_info=&#8221;{}&#8221;][et_pb_column type=&#8221;4_4&#8243; _builder_version=&#8221;4.20.4&#8243; _module_preset=&#8221;default&#8221; global_colors_info=&#8221;{}&#8221;][et_pb_text _builder_version=&#8221;4.20.4&#8243; _module_preset=&#8221;default&#8221; text_font=&#8221;Arial||||||||&#8221; text_text_color=&#8221;#000000&#8243; header_3_font=&#8221;Arial||||||||&#8221; header_3_line_height=&#8221;1.5em&#8221; custom_margin=&#8221;0px||||false|false&#8221; global_colors_info=&#8221;{}&#8221;]</p>
<h3><strong>Elérhetőségek</strong></h3>
<p>Cím: 4026 Debrecen, Déri tér 1.</p>
<p>Telefon: +36 52 322 207</p>
<p>E-mail: helyiertek@derimuzeum.hu; deri@derimuzeum.hu</p>
<p>Igazgató: Dr. Angi János</p>
<p>&nbsp;</p>
<h3 style="text-align: center;"><strong>Szerkesztő bizottság tagjai</strong></h3>
<p><strong></strong></p>
<p style="text-align: center;"><strong>Lakner Lajos</strong></p>
<p style="text-align: center;"><a href="https://www.derimuzeum.hu/munkatarsak.php?id=3"><span>tudományos igazgatóhelyettes</span></a></p>
<p style="text-align: center;">lakner.lajos@derimuzeum.hu</p>
<p style="text-align: center;"><strong>Korompai Balázs</strong></p>
<p style="text-align: center;">főmuzeológus, történész (Történeti gyűjtemény)</p>
<p style="text-align: center;">korompai.balazs@derimuzeum.hu</p>
<p style="text-align: center;"><strong>Dr. Kovács József Dénes</strong></p>
<p style="text-align: center;"><a href="https://www.derimuzeum.hu/munkatarsak.php?id=20"><span>főmuzeológus, történész (Iparművészeti gyűjtemény)</span></a></p>
<p style="text-align: center;">kovacs.jozsef@derimuzeum.hu</p>
<p style="text-align: center;"><strong>Ormosi Viktória</strong></p>
<p style="text-align: center;"><a href="https://www.derimuzeum.hu/munkatarsak.php?id=13"><span>muzeológus (Történeti és Iparművészeti gyűjtemény)</span></a></p>
<p style="text-align: center;">ormosi.viktoria@derimuzeum.hu</p>
<p style="text-align: center;"><strong>Szabó Anna Viola</strong></p>
<p style="text-align: center;"><a href="https://www.derimuzeum.hu/munkatarsak.php?id=28"><span>főmuzeológus, fotótörténész</span></a></p>
<p style="text-align: center;">szabo.anna.viola@derimuzeum.hu</p>
<p style="text-align: center;"><strong>Váradi Katalin</strong></p>
<p style="text-align: center;"><a href="https://www.derimuzeum.hu/munkatarsak.php?id=14"><span>muzeológus, történész (Történeti gyűjtemény)</span></a></p>
<p style="text-align: center;">varadi.katalin@derimuzeum.hu</p>
<h3 style="text-align: center;"><strong></strong></h3>
<h3 style="text-align: center;"><strong></strong></h3>
<h3 style="text-align: center;"><strong>Technikai szerkesztők</strong></h3>
<p><strong></strong></p>
<p style="text-align: center;"><strong>Szekeres Krisztina</strong></p>
<p style="text-align: center;">osztályvezető</p>
<p style="text-align: center;">szekeres.krisztina@derimuzeum.hu</p>
<p style="text-align: center;"><strong>Nagy-Lavotha Zsuzsanna</strong></p>
<p style="text-align: center;"><a href="https://www.derimuzeum.hu/munkatarsak.php?id=99"><span>kulturális menedzser</span></a></p>
<p style="text-align: center;">lavotha.zsuzsanna@derimuzeum.hu</p>
<p>[/et_pb_text][/et_pb_column][/et_pb_row][/et_pb_section]</p>

<p>Elérhetőségek Cím: 4026 Debrecen, Déri tér 1. Telefon: +36 52 322 207 E-mail: helyiertek@derimuzeum.hu; deri@derimuzeum.hu Igazgató: Dr. Angi János &nbsp; Szerkesztő bizottság tagjai Lakner Lajos tudományos igazgatóhelyettes lakner.lajos@derimuzeum.hu Korompai Balázs főmuzeológus, történész (Történeti gyűjtemény) korompai.balazs@derimuzeum.hu Dr. Kovács József Dénes főmuzeológus, történész (Iparművészeti gyűjtemény) kovacs.jozsef@derimuzeum.hu Ormosi Viktória muzeológus (Történeti és Iparművészeti gyűjtemény) ormosi.viktoria@derimuzeum.hu Szabó Anna Viola [&hellip;]</p>
